71 - 77)).
-36
What is -24 + (-7 + 18 - -28 - 46)?
-31
What is (-4 + (6 - -39) - 6) + (4 - (-10 + 15))?
34
What is 20 + -1 + 131 + -2 + -110?
38
Calculate -1 + 2 + 12 + -10 + 3 - (31 + -2).
-23
Evaluate (-8298 - -8253) + 1 + 120.
76
Evaluate (-28 - (-40 + -44 + 16)) + -30.
10
What is -121 + (62 - 97 - -27)?
-129
Evaluate (1 - 154) + 1470 + -1377.
-60
What is the value of 6 + (-64 + -2 - (-13 - (-24 - -12)) - 4)?
-63
What is the value of 9 + 0 + (1 - -9) + (611 - 638)?
-8
(7 + -25 + 2 + -4 - -11) + -4
-13
Calculate 3105 + -3114 + (-1 - -39) - 3.
26
What is the value of (23 - -2) + -3 - (-1130 + 1121)?
31
Evaluate (-87 - -184) + -121 + (0 - -14) + -1 + 5.
-6
Calculate -84 + (0 - 2) - (7 + (39 + -52 - 10)).
-70
Calculate (7 - (3 - -4) - 4) + 7 + -56 + 62.
9
What is -3 - -3 - (-1260 + 1329)?
-69
What is the value of (2 + 35 - 47) + -2 + 54?
42
Evaluate 6 + -2 - (2 - -1 - (297 - 290)).
8
What is the value of -418 + 408 + -16 + -1 + 4?
-23
Calculate (7 - 3 - 1 - -7) + (-43 - -96) + 12.
75
What is -24 + (45 + -54 - (-11 + -16))?
-6
Calculate (19 - (23 + -60)) + -29 - 22.
5
What is the value of (15 + -8 - 3 - (15 + -11)) + -31?
-31
Calculate (-23 - (12 + -27) - (7 - -2)) + 106.
89
What is the value of -3 + -93 + (-43 - -31) + -24 + 44?
-88
What is the value of 8813 + -8883 + (2 + 0 - (11 + -2 + 1))?
-78
What is the value of (-8 - 2) + -2 + 23 + 23 + -25?
9
Calculate 11 + 2 + (-11 - -15) + 24.
41
Evaluate 27 + -60 + 65 + -77.
-45
Evaluate 12 + (69 + -40 + 4 + -21 - -40).
64
What is 77 - (14 - 13) - -25?
101
Evaluate 39 - 94 - -62 - (1 - 1) - -2.
9
-36 + (13 - 51 - 28)
-102
Evaluate 35 - 88 - -91 - (-54 - -5).
87
What is the value of -1 - 18 - (170 + -210) - -24?
45
571 - 533 - (2 - -40) - ((0 - -57) + 0)
-61
Evaluate -66 + -2 + (-5 - -6) + (24 - 9).
-52
319 + -262 - ((-4 - -4) + 4 - (0 + 11))
64
What is the value of 6 + (-12 + -3 + 12 - -55) + 7?
65
-3 + 1 + -60 + 1 - (-19 + -46 + 56)
-52
22 - (-13 + -15 - (6 + -81))
-25
15 - (25 + 21 + -4 + -7)
-20
What is the value of -107 - (28 - (49 - 55) - 47)?
-94
What is the value of 6 + -38 + 304 + -172?
100
Calculate 6 + 10 + -23 + 75.
68
What is the value of (-26 - -5 - 4) + -18 + 10?
-33
Calculate -402 + 234 + 163 - (-1 + -23).
19
-3 + 9 - (-13 + -50 + 26)
43
Calculate 5 - (39 + 11) - 0 - (0 - -1) - -10.
-36
What is the value of 0 - 1 - 58 - (-15 + (22 - (29 - 15)))?
-52
(61 - 5) + (103 - 109) + 2 + -3 + 2
51
What is -26 - (-4 - (-21 - (-18 - 16)))?
-9
What is 58 + (-1 - -15 - (43 - 26 - (11 - 6)))?
60
What is -42 + (-66 - -1) + 8 + -30?
-129
Evaluate -7 + 28 + -34 + 9 + 0 + -8.
-12
Evaluate (-38 - 0) + (-1036 - -1099).
25
Calculate -9 - ((-3 - (-2 + -8)) + (2 - (-3 + 59))).
38
Evaluate -28 - ((-2 - ((9 - 10) + 2 + -6)) + 8).
-39
Calculate (22 + 42 - 25) + -36 - 53.
-50
4 + -1 - (31 + -92 + 33)
31
Calculate -6 - (-6 - (-5 - 4 - (-34 - -34) - -24)).
15
What is -13 + 1 + -5 + -271 + 294?
6
Evaluate -8 + 13 + -20 - -33 - (-8 + 1).
25
What is -2 + -3 + -1 + -1 + (-48 + 13 - -36)?
-6
-9 - ((3 - -4) + 2 - (-132 + 132))
-18
11 + (14 - (-7 - -92) - (-1 - 1))
-58
What is the value of 52 - -4 - (127 - 74) - ((0 - 0) + -17)?
20
What is -131 + 64 + 80 - 20?
-7
Calculate -15 + 5 - (0 + -40) - (11 + 0 - 21).
40
31 + 44 - 10 - 39
26
8 + (-116 - -190) + -139
-57
-34 + (-52 - -29) + 36
-21
What is -18 + -28 + 35 + (-6 + 0 - -30) + 80?
93
What is -60 + (567 - 577 - (3 + -2 - (4 - -3)))?
-64
1 + 80 + 12 + -15 + 14 + 10
102
What is the value of 14 + (29 + (-5 - 2) - -13) + 8?
57
-46 + 37 + (0 + 0 + 15 - 1) + 2
7
Calculate 21 + 25 + (-29 - (-8 - 13)).
38
What is 17 - (31 + -76 + -12)?
74
What is 33 - 4 - (14 + -3 + 23 + -22)?
17
What is (68 - -3) + 25 + (-3 - 56)?
37
What is -9 + 37 + -5 + (-5 - (-6 - 0))?
24
-5 - (12 - (-5 - -18)) - -2 - (-3 + 2)
-1
Evaluate 4 + (-1 - -27 - 6 - 0 - (-7 - -3)).
28
What is (79 + -29 - -27) + (-2 - 18) - (6 + -1)?
52
Evaluate 55 - (6 + (-61 - -46)).
64
(88 + 281 - 356) + (5 - 5) + 126 + -1
138
Calculate 10 + (-7 - -11 - (-35 - -55)).
-6
41 - (-30 + 36 + 65)
-30
What is the value of 9 - (-40 - (13 - 66) - (4 + -1 + 1))?
0
Calculate (39 - -1) + 1 + -1 + 4198 + -4209.
29
What is (-14133 - -14128) + 5 + -1 + 1?
0
What is the value of 4 - -3 - ((-3 - (-5 - 10)) + -1 - 27)?
23
What is -194 + 240 - (0 - (4 - 5))?
45
What is -18 + -3 - ((12 - -1) + 9)?
-43
What is -21 - ((-53 - -135) + -23)?
-80
What is (170 - 190 - (-1 + 5)) + -18?
-42
Evaluate 8 + 2 + 10 + (10 + 8 - 27).
11
What is the value of -4 + (15 - (-5 + 0 - (-53 - (-72 + 20))))?
15
What is (0 + -3 - (318 + -340)) + (-9 - -12)?
22
What is the value of -13 + 0 + 20 + (-221 - -207)?
-7
What is -1 + -85 - (54 + (-160 - -87))?
-67
What is -776 + 619 - (-77 - -5)?
-85
Calculate (36 - 1) + (-1315 - -1289) + 22.
31
Evaluate -3 - 3 - -1 - (-12 + 51 - 10).
-34
What is the value of 13 + (10 - 10) + (2 - -3)?
18
What is (20 - (0 - -6)) + 15 - -46?
75
Calculate (2 - 0) + -3 + -11 + (-2073 - -2202).
117
What is -34 - ((0 - -17) + (56 - 66))?
-41
Calculate -2 + 41 + (126 - (275 - 92)).
-18
Evaluate 38 - (27 - -74) - -46.
-17
Evaluate (-89 - (77 - 146)) + (0 - -57).
37
What is the value of 35 + 10 + -79 + 2?
-32
Evaluate -25 - ((-5 - -21) + -21) - -67.
47
28 + 1 + (-37 - 19) - 122
-149
What is (-8 - 67 - -21) + 33 - (-3 - -3)?
-21
What is (38 - (-25 - -28) - 13) + 38?
60
What is the value of (-22 - 1 - (-333 - -307)) + 2 + -69?
-64
What is the value of -66 - 14 - (-22 - 33)?
-25
Evaluate -19 + (0 - 0) + -13 + (825 - 694).
99
Calculate (-13 - -6 - -5) + -28 - (-19 - -26).
-37
Calculate 10 + (-99 - (-96 - 63)).
70
(44 - 15) + (0 - -18) + 15 + 2
64
Evaluate -45 + 11 + (-17 + 28 - -96).
73
-67 - (-12 + 16 + -14 + 11)
-68
What is the value of (4 - 4) + -151 + 112 + 75?
36
What is 2 + -33 + 4 - (-162 + 145)?
-10
Evaluate -48 + 0 + -35 + (60 - -20) + -54.
-57
What is (102 - 89) + (3 - -1) - -43?
60
20 - (-12 - (27 - 68))
-9
What is the value of 91 - (12 - (-4 - (17 + -16) - 0))?
74
What is the value of (-44 - 2) + 0 + (-38 - (-31 + 0))?
-53
What is the value of 0 + -68 - (-1002 + 950)?
-16
What is -2 + -29 + -43 + (25 - -3)?
-46
What is 120 - (110 - -19) - (-45 - 0)?
36
2899 + -2913 + (1 - -44)
31
What is the value of (-98 - 1) + 145 + -110 + -5?
-69
Calculate 41 + -20 + 63 + -38.
46
Evaluate -20 - (60 + -12 - -13).
-81
What is the value of 38 - (-69 + -18) - (-32 + 33 - (-5 - -2))?
121
What is -213 - 38 - -121 - -44?
-86
Evaluate 18 + (0 + 4 + -20 - -56) + -17.
41
What is the value of -14 + -17 - (-199 + 170)?
-2
Evaluate -163 + 59 + -67 + 131.
-40
What is the value of (4 - (26 - 13)) + -17 + 94?
68
What is 2 + (31 + -21 - -69) + -2 + -8 + 4?
75
What is -41 + 23 + -19 + 94 + 14?
71
What is (0 - 0 - (12 + (3 - 9))) + (-6 - -14)?
2
Evaluate -33 + 42 + 43 - 32.
20
What is the value of -3 - (-96 - ((12 + -47 - -24) + 22))?
104
What is the value of -11 - (-42 - (-11 - 18) - (11 + 0))?
13
Evaluate 20 - (3 - (4 + -3)) - (-13309 + 13326).
1
What is the value of (-18 - -14) + 55 + -2 - ((-26 - 2) + 40)?
37
(23 - 43) + 49 + -39
-10
Evaluate 100 + (-27 - (252 - 124)).
-55
What is the value of (-13 - 0 - (257 - 272)) + -17 - -77?
62
Calculate 17 + (-38 - -19) + 15 + 0 + 28.
41
What is 2 - (0 - 1) - (152 - (160 + -23))?
-12
Calculate 7 + (-2 + -11 - (-280 - -204) - -15).
85
What is -10 - -26 - ((20 - 1) + (287 - 156))?
-134
What is -21 + (27 - -12) + -11 + -45?
-38
Evaluate -25 - (-2 - 1) - (-2682 + 2621).
39
Evaluate -74 - (163 - 95) - -127.
-15
What is 91 - (-111 - (-28 - 143))?
31
What is the value of -18 + 4 + (17 - (-1 + 13)) - (-5 + -55)?
51
(8 - 27) + 22 + 13 + (0 - -3)
19
Evaluate 61 + (16 - 17) - (24 + -13) - -1.
50
What is the value of 115 + (5 - -12 - -12) + -53?
91
What is the value of -8 + 0 - (-7 - 26 - -39 - -23)?
-37
Calculate -6 - (116 + 16 + -67).
-71
What is the value of -93 - (-43 + (-30 - -11))?
-31
(-5 - (1 - 4) - -33) + -11 + 14
34
What is (-5 - (-18 + -7 + (6 - -3))) + -50?
-39
Calculate -31 - 4 - ((1 - -6) + -2).
-40
Evaluate -3 + 135 - (55 + 57 - 115).
135
Calculate (-49 - -13) + (-156 - -153).
-39
Evaluate 24 + (34 + -31 - -4).
31
Calculate 7 - (-80 + 49) - 91.
-53
Evaluate -63 + (24 + 1 - (-2907 + 2912)).
-43
What is 2 - (-41 + 5 + 13 + (-10 - -1))?
34
Calculate -6 - (6 + (-12 - 33 - -59) + -17 + 0).
-9
What is the value of (61 - -28) + -41 + -33?